{"id":149,"date":"2016-06-01T09:50:04","date_gmt":"2016-06-01T09:50:04","guid":{"rendered":"http:\/\/liedena.enekoapaolaza.com\/?page_id=149"},"modified":"2026-01-26T11:54:38","modified_gmt":"2026-01-26T09:54:38","slug":"datos-de-interes","status":"publish","type":"page","link":"https:\/\/liedena.es\/index.php\/lugar-y-gentes\/datos-de-interes\/","title":{"rendered":"Datos de Inter\u00e9s"},"content":{"rendered":"<div class=\"fusion-fullwidth fullwidth-box fusion-builder-row-1 fusion-flex-container nonhundred-percent-fullwidth non-hundred-percent-height-scrolling\" style=\"--awb-border-radius-top-left:0px;--awb-border-radius-top-right:0px;--awb-border-radius-bottom-right:0px;--awb-border-radius-bottom-left:0px;--awb-flex-wrap:wrap;\" ><div class=\"fusion-builder-row fusion-row fusion-flex-align-items-flex-start fusion-flex-content-wrap\" style=\"max-width:1144px;margin-left: calc(-4% \/ 2 );margin-right: calc(-4% \/ 2 );\"><div class=\"fusion-layout-column fusion_builder_column fusion-builder-column-0 fusion_builder_column_1_1 1_1 fusion-flex-column\" style=\"--awb-bg-size:cover;--awb-width-large:100%;--awb-margin-top-large:0px;--awb-spacing-right-large:1.92%;--awb-margin-bottom-large:0px;--awb-spacing-left-large:1.92%;--awb-width-medium:100%;--awb-spacing-right-medium:1.92%;--awb-spacing-left-medium:1.92%;--awb-width-small:100%;--awb-spacing-right-small:1.92%;--awb-spacing-left-small:1.92%;\"><div class=\"fusion-column-wrapper fusion-flex-justify-content-flex-start fusion-content-layout-column\"><div class=\"fusion-text fusion-text-1\"><h3><em><strong><span style=\"color: #ff0000;\">Li\u00e9dena en cifras<\/span><\/strong><\/em><\/h3>\n<h3><span style=\"color: #ff0000;\">Varios datos sobre Li\u00e9dena \u00a0<a href=\"http:\/\/www.foro-ciudad.com\/navarra\/liedena\/mensaje-11461678.html\" target=\"_blank\" rel=\"noopener\">http:\/\/www.foro-ciudad.com\/navarra\/liedena\/mensaje-11461678.html<\/a><\/span><\/h3>\n<p><a href=\"http:\/\/www.turismo.navarra.es\/esp\/buscador\/?q=Li%E9dena&amp;Resultados1%24xt_mtcl=Li%26amp%3B%23233%3Bdena&amp;Resultados1%24xt_npg=3\" target=\"_blank\" rel=\"noopener\">Datos tur\u00edsticos sobre Li\u00e9dena de la web Turismo de Navarra<\/a><\/p>\n<h3><span style=\"color: #ff0000;\">Turismo alrededor de Li\u00e9dena<\/span><\/h3>\n<p><a href=\"http:\/\/www.monasteriodeleyre.com\/\" target=\"_blank\" rel=\"noopener\">http:\/\/www.monasteriodeleyre.com\/<\/a><\/p>\n<p><a href=\"http:\/\/www.santacrizdeeslava.com\/\" target=\"_blank\" rel=\"noopener\">http:\/\/www.santacrizdeeslava.com\/<\/a><\/p>\n<p><a href=\"http:\/\/www.arquivoltas.com\/6-Navarra\/Sanguesa2.htm\" target=\"_blank\" rel=\"noopener\">http:\/\/www.arquivoltas.com\/6-Navarra\/Sanguesa2.htm<\/a><\/p>\n<p><a href=\"http:\/\/arte-historia-curiosidades.blogspot.com.es\/2012\/05\/gallipienzo-ruta-monumental-navarra.html\" target=\"_blank\" rel=\"noopener\">http:\/\/arte-historia-curiosidades.blogspot.com.es\/2012\/05\/gallipienzo-ruta-monumental-navarra.html<\/a><\/p>\n<p><a href=\"http:\/\/rocaforte.es\/\" target=\"_blank\" rel=\"noopener\">http:\/\/rocaforte.es\/<\/a><\/p>\n<p><a href=\"http:\/\/www.turismo.navarra.es\/esp\/organice-viaje\/recurso\/Localidad\/2363\/Lumbier.htm\" target=\"_blank\" rel=\"noopener\">http:\/\/www.turismo.navarra.es\/esp\/organice-viaje\/recurso\/Localidad\/2363\/Lumbier.htm<\/a><\/p>\n<h3><em><strong><span style=\"color: #ff0000;\">ENLACES<\/span><\/strong><\/em><\/h3>\n<p><a href=\"https:\/\/www.facebook.com\/Ludoteca-de-Li%C3%A9dena-133387206714187\/\" target=\"_blank\" rel=\"noopener\">Ludoteca de Li\u00e9dena<\/a>\u00a0<a href=\"https:\/\/www.facebook.com\/Ludoteca-de-Li%C3%A9dena-133387206714187\/\"><img decoding=\"async\" class=\"wp-image-257 alignleft\" src=\"https:\/\/liedena.es\/wp-content\/uploads\/2016\/05\/facebook-icono-simbolo1.png\" alt=\"facebook-icono-simbolo1\" width=\"26\" height=\"26\" srcset=\"https:\/\/liedena.es\/wp-content\/uploads\/2016\/05\/facebook-icono-simbolo1-66x66.png 66w, https:\/\/liedena.es\/wp-content\/uploads\/2016\/05\/facebook-icono-simbolo1-100x100.png 100w, https:\/\/liedena.es\/wp-content\/uploads\/2016\/05\/facebook-icono-simbolo1-150x150.png 150w, https:\/\/liedena.es\/wp-content\/uploads\/2016\/05\/facebook-icono-simbolo1-200x200.png 200w, https:\/\/liedena.es\/wp-content\/uploads\/2016\/05\/facebook-icono-simbolo1.png 256w\" sizes=\"(max-width: 26px) 100vw, 26px\" \/><\/a><\/p>\n<p><a href=\"http:\/\/https:\/\/www.facebook.com\/Ayuntamiento-de-Li%C3%A9dena-1512801392360587\/\"><img decoding=\"async\" class=\"wp-image-257 alignleft\" src=\"https:\/\/liedena.es\/wp-content\/uploads\/2016\/05\/facebook-icono-simbolo1.png\" alt=\"facebook-icono-simbolo1\" width=\"26\" height=\"26\" srcset=\"https:\/\/liedena.es\/wp-content\/uploads\/2016\/05\/facebook-icono-simbolo1-66x66.png 66w, https:\/\/liedena.es\/wp-content\/uploads\/2016\/05\/facebook-icono-simbolo1-100x100.png 100w, https:\/\/liedena.es\/wp-content\/uploads\/2016\/05\/facebook-icono-simbolo1-150x150.png 150w, https:\/\/liedena.es\/wp-content\/uploads\/2016\/05\/facebook-icono-simbolo1-200x200.png 200w, https:\/\/liedena.es\/wp-content\/uploads\/2016\/05\/facebook-icono-simbolo1.png 256w\" sizes=\"(max-width: 26px) 100vw, 26px\" \/><\/a><a href=\"https:\/\/www.facebook.com\/Ayuntamiento-de-Li%C3%A9dena-1512801392360587\/\" target=\"_blank\" rel=\"noopener\">Ayuntamiento de Li\u00e9dena<\/a><\/p>\n<p><a href=\"http:\/\/ayuntamientodeliedena.blogspot.com.es\/\" target=\"_blank\" rel=\"noopener\"><img decoding=\"async\" class=\"wp-image-256 alignnone\" src=\"https:\/\/liedena.es\/wp-content\/uploads\/2016\/05\/500px-blogger-m.png\" alt=\"500px-blogger-m\" width=\"26\" height=\"26\" srcset=\"https:\/\/liedena.es\/wp-content\/uploads\/2016\/05\/500px-blogger-m-66x66.png 66w, https:\/\/liedena.es\/wp-content\/uploads\/2016\/05\/500px-blogger-m-100x100.png 100w, https:\/\/liedena.es\/wp-content\/uploads\/2016\/05\/500px-blogger-m-150x150.png 150w, https:\/\/liedena.es\/wp-content\/uploads\/2016\/05\/500px-blogger-m-200x200.png 200w, https:\/\/liedena.es\/wp-content\/uploads\/2016\/05\/500px-blogger-m.png 300w\" sizes=\"(max-width: 26px) 100vw, 26px\" \/>Blog del Ayuntamiento<\/a><\/p>\n<p><a href=\"https:\/\/twitter.com\/liedena2016choc\" target=\"_blank\" rel=\"noopener\"><img decoding=\"async\" class=\"alignnone wp-image-472 \" src=\"https:\/\/liedena.es\/wp-content\/uploads\/2016\/05\/rfb-en-twitter.png\" alt=\"rfb-en-twitter\" width=\"31\" height=\"26\" srcset=\"https:\/\/liedena.es\/wp-content\/uploads\/2016\/05\/rfb-en-twitter-177x142.png 177w, https:\/\/liedena.es\/wp-content\/uploads\/2016\/05\/rfb-en-twitter.png 180w\" sizes=\"(max-width: 31px) 100vw, 31px\" \/><\/a><a href=\"https:\/\/twitter.com\/liedena2016choc\">https:\/\/twitter.com\/liedena2016choc<\/a><\/p>\n<p><a href=\"http:\/\/www.complejo-latorre.com\/\" target=\"_blank\" rel=\"noopener\">http:\/\/www.complejo-latorre.com\/<\/a><\/p>\n<p><a href=\"http:\/\/www.turismo.navarra.es\/esp\/organice-viaje\/recurso\/Restauracion\/103\/Latorre.htm?idRC=2939\" target=\"_blank\" rel=\"noopener\">http:\/\/www.turismo.navarra.es\/esp\/organice-viaje\/recurso\/Restauracion\/103\/Latorre.htm?idRC=2939<\/a><\/p>\n<p>TAXI ROBERTO \u00a0Ctra. Jaca s\/n<br \/>\n31487 &#8211; LI\u00c9DENA (Navarra)<br \/>\nTel. 680 487 581<\/p>\n<p>AUTOB\u00daS LA VELOZ SANG\u00dcESINA: Tel\u00e9fono\u00a0 \u00a0948870209 Horarios:<\/p>\n<table border=\"0\" cellpadding=\"5\">\n<tbody>\n<tr>\n<td><strong>La Veloz Sang\u00fcesina<\/strong><\/p>\n<p>Sang\u00fcesa \u2013 Pamplona<\/p>\n<p>948 870 209<\/td>\n<\/tr>\n<\/tbody>\n<\/table>\n<table border=\"1\">\n<tbody>\n<tr>\n<td><strong>SANG\u00dcESA \u2013 PAMPLONA<\/strong><\/td>\n<td><strong>PAMPLONA \u2013 SANG\u00dcESA<\/strong><\/td>\n<\/tr>\n<tr>\n<td>\n<h5>LUNES A VIERNES (LABORAL)<\/h5>\n<\/td>\n<td>\n<h5>LUNES A VIERNES (LABORAL)<\/h5>\n<\/td>\n<\/tr>\n<tr>\n<td>6:45 (per\u00edodo escolar)<\/td>\n<td>13:00<\/td>\n<\/tr>\n<tr>\n<td>8:00<\/td>\n<td>14:30 (per\u00edodo escolar)<\/td>\n<\/tr>\n<tr>\n<td>14:35<\/td>\n<td>15:30<\/td>\n<\/tr>\n<tr>\n<td>18:30<\/td>\n<td>19:40<\/td>\n<\/tr>\n<tr>\n<td>\n<h5>S\u00c1BADOS (LABORAL)<\/h5>\n<\/td>\n<td>\n<h5>S\u00c1BADOS (LABORAL)<\/h5>\n<\/td>\n<\/tr>\n<tr>\n<td>8:00<\/td>\n<td>13:00<\/td>\n<\/tr>\n<tr>\n<td>14:40<\/td>\n<td>15:30<\/td>\n<\/tr>\n<tr>\n<td>18:30<\/td>\n<td>19:30<\/td>\n<\/tr>\n<tr>\n<td>\n<h5>DOMINGOS Y FESTIVOS<\/h5>\n<\/td>\n<td>\n<h5>DOMINGOS Y FESTIVOS<\/h5>\n<\/td>\n<\/tr>\n<tr>\n<td>19:15<\/td>\n<td>20:15<\/td>\n<\/tr>\n<\/tbody>\n<\/table>\n<p><a href=\"http:\/\/www.turismo.navarra.es\/esp\/organice-viaje\/como-llegar\/taxis.htm\" target=\"_blank\" rel=\"noopener\">http:\/\/www.turismo.navarra.es\/esp\/organice-viaje\/como-llegar\/taxis.htm<\/a><\/p>\n<p><a href=\"http:\/\/www.navarra.es\/home_es\/\" target=\"_blank\" rel=\"noopener\">Comunidad Foral de Navarra\u00a0<\/a><\/p>\n<p><a href=\"http:\/\/www.fnmc.es\/\" target=\"_blank\" rel=\"noopener\">Federaci\u00f3n Navarra de Municipios y Concejos<\/a><\/p>\n<p><a href=\"http:\/\/sitna.navarra.es\/geoportal\/?lang=\" target=\"_blank\" rel=\"noopener\">SITNA Sistema de Informaci\u00f3n Territorial de Navarra<\/a><\/p>\n<p><a href=\"http:\/\/navarra.animsa.es\/\" target=\"_blank\" rel=\"noopener\">WEB de los Ayuntamientos de Navarra<\/a><\/p>\n<p><a href=\"http:\/\/www.boe.es\/\" target=\"_blank\" rel=\"noopener\">Bolet\u00edn Oficial del Estado (BOE)<\/a><\/p>\n<p><a href=\"https:\/\/www.navarra.es\/home_es\/Actualidad\/BON\/\" target=\"_blank\" rel=\"noopener\">Bolet\u00edn Oficial de Navarra<\/a><\/p>\n<p><a href=\"http:\/\/www.geoalcali.com\/\" target=\"_blank\" rel=\"noopener\"><img decoding=\"async\" class=\"wp-image-851 alignnone\" src=\"https:\/\/liedena.es\/wp-content\/uploads\/2016\/05\/geo.jpg\" alt=\"geo\" width=\"83\" height=\"60\" srcset=\"https:\/\/liedena.es\/wp-content\/uploads\/2016\/05\/geo-200x146.jpg 200w, https:\/\/liedena.es\/wp-content\/uploads\/2016\/05\/geo-300x214.jpg 300w, https:\/\/liedena.es\/wp-content\/uploads\/2016\/05\/geo-400x292.jpg 400w, https:\/\/liedena.es\/wp-content\/uploads\/2016\/05\/geo-600x438.jpg 600w, https:\/\/liedena.es\/wp-content\/uploads\/2016\/05\/geo.jpg 720w\" sizes=\"(max-width: 83px) 100vw, 83px\" \/><\/a>\u00a0Geoalcali<\/p>\n<p><a href=\"http:\/\/www.geoalcali.com\/fundacion-geoalcali\/\" target=\"_blank\" rel=\"noopener\"><img decoding=\"async\" class=\"alignnone wp-image-852\" src=\"https:\/\/liedena.es\/wp-content\/uploads\/2016\/05\/logo-fundacion-geoalcali2.png\" alt=\"logo-fundacion-geoalcali2\" width=\"48\" height=\"64\" \/><\/a>\u00a0Fundaci\u00f3n Geoalcali<\/p>\n<p><a href=\"http:\/\/www.saihebro.com\/semobile\/index.php?url=\/tr\/ficha\/estacion:A065\" target=\"_blank\" rel=\"noopener\">Informaci\u00f3n a tiempo real sobre el r\u00edo Irati a su paso por Li\u00e9dena<\/a><\/p>\n<\/div><\/div><\/div><\/div><\/div>\n","protected":false},"excerpt":{"rendered":"","protected":false},"author":1,"featured_media":0,"parent":147,"menu_order":0,"comment_status":"closed","ping_status":"closed","template":"","meta":{"_acf_changed":false,"_price":"","_stock":"","_tribe_ticket_header":"","_tribe_default_ticket_provider":"","_tribe_ticket_capacity":"0","_ticket_start_date":"","_ticket_end_date":"","_tribe_ticket_show_description":"","_tribe_ticket_show_not_going":false,"_tribe_ticket_use_global_stock":"","_tribe_ticket_global_stock_level":"","_global_stock_mode":"","_global_stock_cap":"","_tribe_rsvp_for_event":"","_tribe_ticket_going_count":"","_tribe_ticket_not_going_count":"","_tribe_tickets_list":"[]","_tribe_ticket_has_attendee_info_fields":false,"footnotes":"","_tec_slr_enabled":"","_tec_slr_layout":""},"class_list":["post-149","page","type-page","status-publish","hentry"],"acf":[],"ticketed":false,"_links":{"self":[{"href":"https:\/\/liedena.es\/index.php\/wp-json\/wp\/v2\/pages\/149","targetHints":{"allow":["GET"]}}],"collection":[{"href":"https:\/\/liedena.es\/index.php\/wp-json\/wp\/v2\/pages"}],"about":[{"href":"https:\/\/liedena.es\/index.php\/wp-json\/wp\/v2\/types\/page"}],"author":[{"embeddable":true,"href":"https:\/\/liedena.es\/index.php\/wp-json\/wp\/v2\/users\/1"}],"replies":[{"embeddable":true,"href":"https:\/\/liedena.es\/index.php\/wp-json\/wp\/v2\/comments?post=149"}],"version-history":[{"count":23,"href":"https:\/\/liedena.es\/index.php\/wp-json\/wp\/v2\/pages\/149\/revisions"}],"predecessor-version":[{"id":3978,"href":"https:\/\/liedena.es\/index.php\/wp-json\/wp\/v2\/pages\/149\/revisions\/3978"}],"up":[{"embeddable":true,"href":"https:\/\/liedena.es\/index.php\/wp-json\/wp\/v2\/pages\/147"}],"wp:attachment":[{"href":"https:\/\/liedena.es\/index.php\/wp-json\/wp\/v2\/media?parent=149"}],"curies":[{"name":"wp","href":"https:\/\/api.w.org\/{rel}","templated":true}]}}

Datos de Interés

<div class="fusion-fullwidth fullwidth-box fusion-builder-row-1 fusion-flex-container nonhundred-percent-fullwidth non-hundred-percent-height-scrolling" style="--awb-border-radius-top-left:0px;--awb-border-radius-top-right:0px;--awb-border-radius-bottom-right:0px;--awb-border-radius-bottom-left:0px;--awb-flex-wrap:wrap;" ><div class="fusion-builder-row fusion-row fusion-flex-align-items-flex-start fusion-flex-content-wrap" style="max-width:1144px;margin-left: calc(-4% / 2 );margin-right: calc(-4% / 2 );"><div class="fusion-layout-column fusion_builder_column fusion-builder-column-0 fusion_builder_column_1_1 1_1 fusion-flex-column" style="--awb-bg-size:cover;--awb-width-large:100%;--awb-margin-top-large:0px;--awb-spacing-right-large:1.92%;--awb-margin-bottom-large:0px;--awb-spacing-left-large:1.92%;--awb-width-medium:100%;--awb-spacing-right-medium:1.92%;--awb-spacing-left-medium:1.92%;--awb-width-small:100%;--awb-spacing-right-small:1.92%;--awb-spacing-left-small:1.92%;"><div class="fusion-column-wrapper fusion-flex-justify-content-flex-start fusion-content-layout-column"><div class="fusion-text fusion-text-1"><h3><em><strong><span style="color: #ff0000;">Liédena en cifras</span></strong></em></h3>
<h3><span style="color: #ff0000;">Varios datos sobre Liédena  <a href="http://www.foro-ciudad.com/navarra/liedena/mensaje-11461678.html" target="_blank" rel="noopener">http://www.foro-ciudad.com/navarra/liedena/mensaje-11461678.html</a></span></h3>
<p><a href="http://www.turismo.navarra.es/esp/buscador/?q=Li%E9dena&amp;Resultados1%24xt_mtcl=Li%26amp%3B%23233%3Bdena&amp;Resultados1%24xt_npg=3" target="_blank" rel="noopener">Datos turísticos sobre Liédena de la web Turismo de Navarra</a></p>
<h3><span style="color: #ff0000;">Turismo alrededor de Liédena</span></h3>
<p><a href="http://www.monasteriodeleyre.com/" target="_blank" rel="noopener">http://www.monasteriodeleyre.com/</a></p>
<p><a href="http://www.santacrizdeeslava.com/" target="_blank" rel="noopener">http://www.santacrizdeeslava.com/</a></p>
<p><a href="http://www.arquivoltas.com/6-Navarra/Sanguesa2.htm" target="_blank" rel="noopener">http://www.arquivoltas.com/6-Navarra/Sanguesa2.htm</a></p>
<p><a href="http://arte-historia-curiosidades.blogspot.com.es/2012/05/gallipienzo-ruta-monumental-navarra.html" target="_blank" rel="noopener">http://arte-historia-curiosidades.blogspot.com.es/2012/05/gallipienzo-ruta-monumental-navarra.html</a></p>
<p><a href="http://rocaforte.es/" target="_blank" rel="noopener">http://rocaforte.es/</a></p>
<p><a href="http://www.turismo.navarra.es/esp/organice-viaje/recurso/Localidad/2363/Lumbier.htm" target="_blank" rel="noopener">http://www.turismo.navarra.es/esp/organice-viaje/recurso/Localidad/2363/Lumbier.htm</a></p>
<h3><em><strong><span style="color: #ff0000;">ENLACES</span></strong></em></h3>
<p><a href="https://www.facebook.com/Ludoteca-de-Li%C3%A9dena-133387206714187/" target="_blank" rel="noopener">Ludoteca de Liédena</a> <a href="https://www.facebook.com/Ludoteca-de-Li%C3%A9dena-133387206714187/"><img decoding="async" class="wp-image-257 alignleft" src="https://liedena.es/wp-content/uploads/2016/05/facebook-icono-simbolo1.png" alt="facebook-icono-simbolo1" width="26" height="26" srcset="https://liedena.es/wp-content/uploads/2016/05/facebook-icono-simbolo1-66x66.png 66w, https://liedena.es/wp-content/uploads/2016/05/facebook-icono-simbolo1-100x100.png 100w, https://liedena.es/wp-content/uploads/2016/05/facebook-icono-simbolo1-150x150.png 150w, https://liedena.es/wp-content/uploads/2016/05/facebook-icono-simbolo1-200x200.png 200w, https://liedena.es/wp-content/uploads/2016/05/facebook-icono-simbolo1.png 256w" sizes="(max-width: 26px) 100vw, 26px" /></a></p>
<p><a href="http://https://www.facebook.com/Ayuntamiento-de-Li%C3%A9dena-1512801392360587/"><img decoding="async" class="wp-image-257 alignleft" src="https://liedena.es/wp-content/uploads/2016/05/facebook-icono-simbolo1.png" alt="facebook-icono-simbolo1" width="26" height="26" srcset="https://liedena.es/wp-content/uploads/2016/05/facebook-icono-simbolo1-66x66.png 66w, https://liedena.es/wp-content/uploads/2016/05/facebook-icono-simbolo1-100x100.png 100w, https://liedena.es/wp-content/uploads/2016/05/facebook-icono-simbolo1-150x150.png 150w, https://liedena.es/wp-content/uploads/2016/05/facebook-icono-simbolo1-200x200.png 200w, https://liedena.es/wp-content/uploads/2016/05/facebook-icono-simbolo1.png 256w" sizes="(max-width: 26px) 100vw, 26px" /></a><a href="https://www.facebook.com/Ayuntamiento-de-Li%C3%A9dena-1512801392360587/" target="_blank" rel="noopener">Ayuntamiento de Liédena</a></p>
<p><a href="http://ayuntamientodeliedena.blogspot.com.es/" target="_blank" rel="noopener"><img decoding="async" class="wp-image-256 alignnone" src="https://liedena.es/wp-content/uploads/2016/05/500px-blogger-m.png" alt="500px-blogger-m" width="26" height="26" srcset="https://liedena.es/wp-content/uploads/2016/05/500px-blogger-m-66x66.png 66w, https://liedena.es/wp-content/uploads/2016/05/500px-blogger-m-100x100.png 100w, https://liedena.es/wp-content/uploads/2016/05/500px-blogger-m-150x150.png 150w, https://liedena.es/wp-content/uploads/2016/05/500px-blogger-m-200x200.png 200w, https://liedena.es/wp-content/uploads/2016/05/500px-blogger-m.png 300w" sizes="(max-width: 26px) 100vw, 26px" />Blog del Ayuntamiento</a></p>
<p><a href="https://twitter.com/liedena2016choc" target="_blank" rel="noopener"><img decoding="async" class="alignnone wp-image-472 " src="https://liedena.es/wp-content/uploads/2016/05/rfb-en-twitter.png" alt="rfb-en-twitter" width="31" height="26" srcset="https://liedena.es/wp-content/uploads/2016/05/rfb-en-twitter-177x142.png 177w, https://liedena.es/wp-content/uploads/2016/05/rfb-en-twitter.png 180w" sizes="(max-width: 31px) 100vw, 31px" /></a><a href="https://twitter.com/liedena2016choc">https://twitter.com/liedena2016choc</a></p>
<p><a href="http://www.complejo-latorre.com/" target="_blank" rel="noopener">http://www.complejo-latorre.com/</a></p>
<p><a href="http://www.turismo.navarra.es/esp/organice-viaje/recurso/Restauracion/103/Latorre.htm?idRC=2939" target="_blank" rel="noopener">http://www.turismo.navarra.es/esp/organice-viaje/recurso/Restauracion/103/Latorre.htm?idRC=2939</a></p>
<p>TAXI ROBERTO  Ctra. Jaca s/n<br />
31487 &#8211; LIÉDENA (Navarra)<br />
Tel. 680 487 581</p>
<p>AUTOBÚS LA VELOZ SANGÜESINA: Teléfono   948870209 Horarios:</p>
<table border="0" cellpadding="5">
<tbody>
<tr>
<td><strong>La Veloz Sangüesina</strong></p>
<p>Sangüesa – Pamplona</p>
<p>948 870 209</td>
</tr>
</tbody>
</table>
<table border="1">
<tbody>
<tr>
<td><strong>SANGÜESA – PAMPLONA</strong></td>
<td><strong>PAMPLONA – SANGÜESA</strong></td>
</tr>
<tr>
<td>
<h5>LUNES A VIERNES (LABORAL)</h5>
</td>
<td>
<h5>LUNES A VIERNES (LABORAL)</h5>
</td>
</tr>
<tr>
<td>6:45 (período escolar)</td>
<td>13:00</td>
</tr>
<tr>
<td>8:00</td>
<td>14:30 (período escolar)</td>
</tr>
<tr>
<td>14:35</td>
<td>15:30</td>
</tr>
<tr>
<td>18:30</td>
<td>19:40</td>
</tr>
<tr>
<td>
<h5>SÁBADOS (LABORAL)</h5>
</td>
<td>
<h5>SÁBADOS (LABORAL)</h5>
</td>
</tr>
<tr>
<td>8:00</td>
<td>13:00</td>
</tr>
<tr>
<td>14:40</td>
<td>15:30</td>
</tr>
<tr>
<td>18:30</td>
<td>19:30</td>
</tr>
<tr>
<td>
<h5>DOMINGOS Y FESTIVOS</h5>
</td>
<td>
<h5>DOMINGOS Y FESTIVOS</h5>
</td>
</tr>
<tr>
<td>19:15</td>
<td>20:15</td>
</tr>
</tbody>
</table>
<p><a href="http://www.turismo.navarra.es/esp/organice-viaje/como-llegar/taxis.htm" target="_blank" rel="noopener">http://www.turismo.navarra.es/esp/organice-viaje/como-llegar/taxis.htm</a></p>
<p><a href="http://www.navarra.es/home_es/" target="_blank" rel="noopener">Comunidad Foral de Navarra </a></p>
<p><a href="http://www.fnmc.es/" target="_blank" rel="noopener">Federación Navarra de Municipios y Concejos</a></p>
<p><a href="http://sitna.navarra.es/geoportal/?lang=" target="_blank" rel="noopener">SITNA Sistema de Información Territorial de Navarra</a></p>
<p><a href="http://navarra.animsa.es/" target="_blank" rel="noopener">WEB de los Ayuntamientos de Navarra</a></p>
<p><a href="http://www.boe.es/" target="_blank" rel="noopener">Boletín Oficial del Estado (BOE)</a></p>
<p><a href="https://www.navarra.es/home_es/Actualidad/BON/" target="_blank" rel="noopener">Boletín Oficial de Navarra</a></p>
<p><a href="http://www.geoalcali.com/" target="_blank" rel="noopener"><img decoding="async" class="wp-image-851 alignnone" src="https://liedena.es/wp-content/uploads/2016/05/geo.jpg" alt="geo" width="83" height="60" srcset="https://liedena.es/wp-content/uploads/2016/05/geo-200x146.jpg 200w, https://liedena.es/wp-content/uploads/2016/05/geo-300x214.jpg 300w, https://liedena.es/wp-content/uploads/2016/05/geo-400x292.jpg 400w, https://liedena.es/wp-content/uploads/2016/05/geo-600x438.jpg 600w, https://liedena.es/wp-content/uploads/2016/05/geo.jpg 720w" sizes="(max-width: 83px) 100vw, 83px" /></a> Geoalcali</p>
<p><a href="http://www.geoalcali.com/fundacion-geoalcali/" target="_blank" rel="noopener"><img decoding="async" class="alignnone wp-image-852" src="https://liedena.es/wp-content/uploads/2016/05/logo-fundacion-geoalcali2.png" alt="logo-fundacion-geoalcali2" width="48" height="64" /></a> Fundación Geoalcali</p>
<p><a href="http://www.saihebro.com/semobile/index.php?url=/tr/ficha/estacion:A065" target="_blank" rel="noopener">Información a tiempo real sobre el río Irati a su paso por Liédena</a></p>
</div></div></div></div></div>
